011111111111111 (base 2) in base 9?
-1283360
Convert -12f7d5 (base 16) to base 13.
-346a77
112221220020111 (base 3) to base 11
453a990
-1001000001011000 (base 2) to base 10
-36952
Convert -15504034 (base 6) to base 13.
-164911
What is -a9b82 (base 15) in base 10?
-539222
1102550 (base 9) to base 12
2469a6
-644e1 (base 15) to base 4
-1031232121
Convert -2b7b0 (base 14) to base 6.
-2154302
Convert 14763071 (base 8) to base 4.
30332120321
What is 12200110210100 (base 3) in base 15?
3ea0d3
Convert 7f77c2 (base 16) to base 12.
296a402
-2327522 (base 11) to base 14
-77b851
-523103454 (base 6) to base 7
-140255425
Convert -1333120321 (base 4) to base 5.
-113144120
What is -151125 (base 12) in base 13?
-c5417
2ec90a (base 16) to base 15
408732
Convert -139a51 (base 11) to base 4.
-311101223
-133a9 (base 14) to base 2
-1011100100011001
-b8203 (base 12) to base 15
-4bb76
11011000100010001110111 (base 2) to base 7
114211225
123333120132 (base 4) to base 13
169ba23
2100121102200 (base 3) to base 16
131aa8
Convert -2919ca (base 15) to base 14.
-3977c1
18333324 (base 9) to base 11
5237525
What is 2250bb (base 13) in base 7?
6614662
Convert 65412 (base 7) to base 14.
5d42
5034213 (base 8) to base 12
53aa8b
What is -23553113 (base 9) in base 3?
-210121210010110
What is -13ee8 (base 16) in base 8?
-237350
What is 3300141243 (base 5) in base 2?
11010110110000010010001
110110001100010101001101 (base 2) to base 4
312030111031
Convert bb860 (base 12) to base 9.
417570
Convert 18932 (base 10) to base 7.
106124
-58c5eb (base 15) to base 14
-7c678d
Convert -307525 (base 9) to base 11.
-115281
Convert -1001212220022221 (base 3) to base 4.
-322203300022
Convert 86559 (base 11) to base 10.
125783
2011211001 (base 3) to base 2
1010011101111101
Convert -d8401 (base 15) to base 4.
-2213133022
-1533b4 (base 13) to base 8
-1772177
-592428 (base 12) to base 14
-294c92
-47361232 (base 8) to base 11
-5927a81
-47cd2b (base 15) to base 2
-1101000110101101001101
-507668 (base 10) to base 14
-d3020
-28823 (base 14) to base 7
-565443
Convert -20131012200 (base 4) to base 8.
-10350640
Convert -386178 (base 11) to base 6.
-21013001
Convert -35162122 (base 7) to base 3.
-12211000211111
What is 114445304 (base 6) in base 4?
20111013220
-664a8 (base 13) to base 4
-231100102
164050 (base 7) to base 15
99ea
Convert 3372164 (base 11) to base 15.
7b9151
What is -3078881 (base 11) in base 9?
-11184013
160064256 (base 7) to base 8
50715270
Convert -1212200123 (base 4) to base 9.
-708848
-140001 (base 9) to base 5
-10212134
145447 (base 8) to base 7
304424
What is -664086 (base 9) in base 11?
-251015
What is -11611a (base 13) in base 11?
-262512
Convert 111020102 (base 4) to base 12.
42102
What is 1350313 (base 6) in base 10?
76581
What is -1020102002020020 (base 3) in base 12?
-5b43350
Convert -21200331 (base 4) to base 8.
-114075
What is -5402a (base 12) in base 16?
-1b022
-2053513 (base 9) to base 3
-2001210120110
10999a (base 11) to base 15
36953
What is 14414042 (base 5) in base 15?
30a9c
Convert 9790c (base 15) to base 5.
110400122
c178b (base 15) to base 14
11d35b
Convert 101111021010000 (base 3) to base 2.
10101010001001100110001
Convert -1011120112 (base 3) to base 12.
-113a2
Convert 12002111120 (base 4) to base 7.
16310324
Convert -1011210100202 (base 3) to base 5.
-130010440
Convert -12211100122120 (base 3) to base 14.
-5a8a54
What is -11011110010110100 (base 2) in base 11?
-78595
1110010110110011011011 (base 2) to base 16
396cdb
4ced (base 15) to base 8
40047
-3414a1 (base 11) to base 7
-4422652
-619915 (base 11) to base 6
-33145555
Convert 24752 (base 8) to base 5.
320410
9879 (base 11) to base 4
3023221
Convert -10000110110101010100010 (base 2) to base 5.
-2112340320
What is -4566612 (base 7) in base 14?
-10c342
Convert -221211132113 (base 4) to base 2.
-101001100101011110010111
What is -10011001001011010 (base 2) in base 4?
-103021122
Convert -3395d1 (base 14) to base 10.
-1754579
What is -c25385 (base 14) in base 2?
-11000111101111011111001
Convert 5134620 (base 7) to base 15.
c1d90
Convert 11003111131 (base 4) to base 11.
825033
What is 845305 (base 10) in base 5?
204022210
What is -55340202 (base 7) in base 6?
-250053113
Convert -331131344 (base 5) to base 4.
-11130122123
Convert -163046632 (base 7) to base 15.
-e8a45a
-34143112 (base 8) to base 11
-41988a4
What is -6230532 (base 7) in base 8?
-2662743
What is 113133021312 (base 4) in base 8?
27371166
Convert -10100000101111110101 (base 2) to base 4.
-2200233311
Convert 3400001 (base 6) to base 7.
1311520
Convert -7538022 (base 10) to base 8.
-34602546
What is -10000011000101100001 (base 2) in base 7?
-4364251
2312223 (base 5) to base 13
15bc2
56bf6 (base 16) to base 11
222a57
-29ba3 (base 13) to base 8
-232047
-6fefc9 (base 16) to base 14
-d8d5d7
Convert 4755010 (base 9) to base 4.
21310303032
What is -1322102001 (base 4) in base 14?
-d0761
597041 (base 12) to base 14
297bc5
34464046 (base 7) to base 10
3024265
What is -10410451 (base 6) in base 9?
-525614
-408417 (base 9) to base 10
-242368
Convert -2353505 (base 6) to base 15.
-26ad8
Convert 516105 (base 9) to base 13.
a952c
6701616 (base 9) to base 7
42425004
429759 (base 10) to base 3
210211112000
What is -43c84a (base 15) in base 4?
-30111000001
What is -588757 (base 9) in base 6?
-11331424
What is 11022100220012 (base 3) in base 12?
9255a2
Convert 48118 (base 10) to base 9.
73004
What is -7f06c (base 16) in base 3?
-222102201101
What is -245043 (base 9) in base 5?
-14214101
What is -202100022220 (base 3) in base 10?
-400461
3234451 (base 6) to base 16
272bf
Convert -5a5c0 (base 15) to base 6.
-10102100
What is 15c731 (base 14) in base 4?
2322211113
What is -200120100 (base 3) in base 6?
-142400
Convert 33143 (base 10) to base 13.
12116
Convert 516025 (base 9) to base 6.
10321335
Convert -97a88 (base 13) to base 9.
-457150
-34ed (base 15) to base 7
-44536
Convert 1018577 (base 12) to base 13.
81a2ac
What is -d0df (base 16) in base 12?
-26b3b
What is 3471a01 (base 12) in base 8?
46421541
-110222223 (base 4) to base 16
-14aab
Convert -173cde (base 16) to base 11.
-950204
Convert -769315 (base 11) to base 6.
-42151053
Convert 569185 (base 12) to base 4.
11101332311
741b91 (base 12) to base 13
4c018c
Convert 25243035 (base 6) to base 2.
11000110110111011111
-72a91 (base 14) to base 15
-56dc7
What is 1233201330 (base 4) in base 8?
1574174
23080a (base 11) to base 8
1314633
Convert -22785 (base 9) to base 6.
-154252
Convert -3342234242 (base 5) to base 16.
-70aa91
Convert 11022322202 (base 4) to base 8.
5127242
Convert -7072073 (base 8) to base 4.
-13013100323
Convert 141035 (base 7) to base 13.
c260
-10bb36 (base 12) to base 7
-2201421
What is -24132324 (base 5) in base 16?
-36b59
Convert -3945 (base 14) to base 13.
-4768
What is 12a7527 (base 13) in base 5?
3000340022
Convert -11310111 (base 7) to base 5.
-223302241
7aa16 (base 11) to base 8
344440
10022311102 (base 4) to base 11
687168
c2897 (base 14) to base 2
1110010010011010101
What is -44112141 (base 5) in base 4?
-1130202212
-1207ab3 (base 14) to base 2
-100000111010000101001101
Convert -110001101000001000 (base 2) to base 9.
-338747
-3301220202 (base 4) to base 12
-3b8916
-310313012313 (base 4) to base 14
-1baa007
Convert -be795e (base 15) to base 6.
-522440142
Convert 30211220333 (base 4) to base 5.
1321044103
Convert 23042221 (base 5) to base 2.
110010010001110000
Convert -101202200122012 (base 3) to base 16.
-574e38
What is -2330320000 (base 4) in base 5?
-144224012
Convert 603103 (base 8) to base 12.
96857
Convert -2844 (base 15) to base 11.
-6521
Convert -80385 (base 12) to base 16.
-28a15
What is 780b (base 12) in base 7?
53441
Convert -362324 (base 8) to base 12.
-5b9b0
What is 303001223 (base 4) in base 9?
347625
What is -69c07c (base 16) in base 2?
-11010011100000001111100
34656502 (base 7) to base 8
13521371
Convert 20321032313 (base 4) to base 14.
4499b1
What is -43b01 (base 15) in base 5?
-23340401
Convert -101001011111101 (base 2) to base 13.
-9893
Convert -303102202133 (base 4) to base 16.
-cd289f
Convert -31010000113 (base 4) to base 10.
-3424279
1222120201220 (base 3) to base 16
1017cf
Convert 306846a (base 11) to base 13.
11771c4
What is 1001314143 (base 6) in base 12?
3495953
Convert 333871 (bas